Suppose 0*r = g*r - 1530. Suppose -125*t = -130*t + r. What are the prime factors of t?
2, 3, 17
Suppose 0*p = p - 619 - 294. List the prime factors of p.
11, 83
Suppose -2*f + 0 = -h - 5, -5*h - 20 = -5*f. Let a be 9 + f - 8/2. What are the prime factors of (3/a)/((-1)/(-14))?
7
Let w(q) = q**3 + 7*q**2 + 6*q - 12. Let u be w(-9). Let z = u + 469. List the prime factors of z.
241
Suppose -1839 = -3*c + s + 1498, -2*s - 5562 = -5*c. Suppose 0 = 4*r - 0*r - c. What are the prime factors of r?
2, 139
Let j(y) = 27*y**2 + 9*y - 324. What are the prime factors of j(18)?
2, 3, 53
Suppose 10 = 7*u - 53. Suppose -267 = -u*t + 2316. What are the prime factors of t?
7, 41
Suppose 0 = 147*x - 28832 - 189551 - 12554. List the prime factors of x.
1571
Let m(p) = 35*p**3 - 3*p**2 - 2*p + 3. Let o(t) = -t**3 + 5*t**2 + 6*t - 28. Let f be o(5). List the prime factors of m(f).
3, 89
Suppose 3*s = 2*m + 3, 4*m - 2*s + 16 = -10. Let p(n) = 5*n**2 - 11*n + 16. Let k be p(m). Let f = -301 + k. What are the prime factors of f?
3, 73
What are the prime factors of -16*((-2)/(-4))/((-14)/5054)?
2, 19
Let t(m) = 3*m**2 - 141*m - 139. List the prime factors of t(65).
3371
Suppose -25*p = -388480 - 167445. What are the prime factors of p?
37, 601
What are the prime factors of ((63/42)/(1/2))/(15/5725)?
5, 229
Suppose 4*y = 3*x - 29609, -7*x - 9873 = -8*x + 2*y. What are the prime factors of x?
7, 1409
Suppose -t - j + 18 = 0, 5*t - 71 = -4*j + 16. Suppose 0 = 2*s + t*i - 10*i - 731, -2*s - i = -727. List the prime factors of s.
3, 11
Let v = 7139 + 512. What are the prime factors of v?
7, 1093
Let v(o) = o**3 + 15*o**2 + 5*o - 27. Let g(j) = j**3 - 18*j**2 - 18*j - 30. Let p be g(19). What are the prime factors of v(p)?
2, 3, 67
Let s = -1201 - -2944. What are the prime factors of s?
3, 7, 83
Suppose 2*a = -3*k + 56, 3*k + 5*a + 11 = 70. Suppose -3*z = -7*y + 5*y + 7, -3*y - 3*z + k = 0. What are the prime factors of y?
5
List the prime factors of (((-2664)/(-32))/9)/(5/3060).
3, 17, 37
Let x(z) = -28*z + 51. Let j be x(8). Let m be ((-258)/(-15))/(6/(-30)). Let n = m - j. List the prime factors of n.
3, 29
Let o = 5152 + 3910. List the prime factors of o.
2, 23, 197
Let l(b) = -b**2 - 2*b + 21. Let t be l(-6). Let i be (-5)/(60/(-8)) - 169/t. Let c = i - 5. List the prime factors of c.
2, 13
Let j(k) = 19*k**3 - 33*k + 19. What are the prime factors of j(6)?
5, 157
List the prime factors of ((-114)/19 + 7)*(1 + 0) - -60684.
5, 53, 229
Let q be 52*((-2)/8 - (-2 + 1 + -3)). Let o(n) = n**3 - 10*n**2 + 7*n - 1. Let m be o(8). Let r = m + q. List the prime factors of r.
2, 61
Let z = -1535 - -321. List the prime factors of 3 - (-6)/(-12)*z.
2, 5, 61
Let p(w) = w**3 - 5*w**2 + 4*w - 30. Let y be p(6). List the prime factors of 162/(-5)*y/(-18).
2, 3
Let o(w) = 310*w - 20. Let a be o(1). Let m = a - -195. What are the prime factors of m?
5, 97
Let h be (-5)/(1238/(-618) + 2). Suppose 7*q - h = 2*q. List the prime factors of q.
3, 103
Suppose 0 = 3*m - 943*b + 948*b - 20890, -4*b - 27896 = -4*m. What are the prime factors of m?
2, 5, 17, 41
Suppose 0 = 3*m - 5*x - 10, 5*m = 4*x - 0*x - 5. What are the prime factors of -5 - (m + (6 - 471))?
3, 5, 31
Suppose -14*n = 8 - 78. Suppose -3*r = -5*s + 382 + 13, 0 = -n*r + s - 695. Let z = 306 + r. List the prime factors of z.
2, 83
Let a(f) = -87*f**3 + 7*f**2 + 57*f - 5. List the prime factors of a(-5).
2, 5, 269
Let a = -434 - 79. Let f = a - -975. List the prime factors of f.
2, 3, 7, 11
Suppose -15*w + 16*w - 2 = 0. Suppose -5*k - 4*v + 0 = w, -5*k + v = -13. Suppose 2*b - 75 = -0*b + a, b - k*a - 30 = 0. What are the prime factors of b?
2, 5
Let m(a) = 15*a**3 - 5*a**2 - 2*a - 21. Let j be m(7). Suppose -10*x + j = -2665. List the prime factors of x.
3, 251
Let h(n) = -98*n - 99. Let k be h(-8). Suppose -4*s - k = -u - 2*s, -5*s = -4*u + 2755. What are the prime factors of u?
5, 139
Suppose -g - i - 59 = 0, -4*i = -3*g - i - 171. Suppose 6*d + 279 = 1011. Let o = d + g. List the prime factors of o.
2
Suppose b - 2*i + 6*i - 11 = 0, 5*b + 60 = 3*i. What are the prime factors of (-6056)/(-3) - (-6)/b?
2, 1009
Suppose 75 = a - 2*b, 4*b - 20 + 4 = 0. Suppose -90*m + 10108 = -a*m. What are the prime factors of m?
2, 19
Suppose -3*g + 11*g - 3944 = 0. Let z = -342 + g. What are the prime factors of z?
151
List the prime factors of (((-18)/15)/(6/4))/(4/(-10900)).
2, 5, 109
Let v = -114 - -107. Let f be 10/(-4 - 30/v). List the prime factors of 35/(-1)*(-49)/f.
7
Let s(h) = -h**3 + 30*h**2 - 33*h + 63. List the prime factors of s(19).
3407
Let r be ((-12)/(-5))/(292/365). Suppose r*c = -0*c + x + 2544, 0 = -5*c + 3*x + 4244. List the prime factors of c.
7, 11
Let j(r) = -r**2 - 15*r - 25. Let w be j(-2). List the prime factors of (18/36)/(w/170).
5, 17
Let j(u) = u**3 - 18*u**2 + 15*u - 20. Let h be j(17). Let t = 51 + h. What are the prime factors of (t/3)/(2/(-26))?
13
Let m = -39 + -6. Let o = m + 71. Suppose o*c + 103 = 27*c. List the prime factors of c.
103
Suppose 225*j = 82*j + 280995. What are the prime factors of j?
3, 5, 131
Let l(h) = 7*h**2 - 2*h. Let u be l(-1). Let y(w) = 16 + u*w - 8*w - w - 2*w. List the prime factors of y(7).
2
Let j = -22155 + 33079. What are the prime factors of j?
2, 2731
Let b = 8493 + -3897. Suppose 29*m = 17*m + b. What are the prime factors of m?
383
Suppose 94*t + 215 - 12918 = 4217. List the prime factors of t.
2, 3, 5
Let z(t) = 7*t**2 - 11. Let f(k) = -2*k**3 + 30*k**2 + 56*k + 3. Let i(s) = s**3. Let w(a) = f(a) + 3*i(a). Let g be w(-28). What are the prime factors of z(g)?
2, 13
Let i(y) = y**2 - 13*y - 33. Let b be i(15). Let h be (-45)/25*(10/b - 0). List the prime factors of h/4*48/4.
2, 3
Let h(y) = -4*y + 17. Let m be h(3). Suppose 0 = -b + 2*d + 83, -159 = -2*b - 3*d - 0*d. Suppose -f + m = -b. What are the prime factors of f?
2, 43
Let g(u) be the third derivative of -11/8*u**4 + 5/3*u**3 + 0 + 0*u + 4*u**2. What are the prime factors of g(-3)?
109
Let k = 395 + -175. Suppose 9*i = 13*i - k. What are the prime factors of i?
5, 11
Let n = 64439 - 34779. What are the prime factors of n?
2, 5, 1483
Let h(v) = 4*v + 52. Let d be h(-12). Let l(w) = 73*w + 17. List the prime factors of l(d).
3, 103
Let w = 35781 - 20514. What are the prime factors of w?
3, 7, 727
Let k(l) be the first derivative of -l**2 + 141*l - 259. List the prime factors of k(-15).
3, 19
What are the prime factors of (-579526)/(-11) + 14/(-77)?
2, 13171
Let g be (-88)/33*(-2 - 1). Let p be 4564/(-42) - g/6. Let w = 145 - p. List the prime factors of w.
3, 5, 17
Suppose -5*x + 20 = 0, -x = -4*q - 0*x - 228. Let l(c) = -60*c**3 - 2*c**2 - 3*c - 1. Let m be l(-1). Let b = m + q. What are the prime factors of b?
2
Suppose 8*i - 34219 = 4*i - l, 2*i + 4*l = 17092. List the prime factors of i.
2, 3, 23, 31
Let v(p) be the third derivative of -p**6/60 + p**5/60 + p**4/24 + 2*p**3 - 43*p**2. What are the prime factors of v(-5)?
2, 3, 47
Let q be 2/((-4)/246)*288/54. Let j = -358 - q. What are the prime factors of j?
2, 149
Suppose 3*l - 20491 = -n, 0 = -622*n + 626*n - 4*l - 81916. List the prime factors of n.
2, 7, 11, 19
List the prime factors of (24/(-42))/(13/(96187/(-2))).
2, 7, 151
Suppose 2*n - 160 = -2*z - 3*n, 2*z = 4*n + 178. Let q = z - 8. List the prime factors of q.
7, 11
Let x = -93 + 91. Suppose -290 = j - 3*p, 4*j + 2*p + 1134 = p. List the prime factors of ((-75)/(-50))/(x/j).
3, 71
Let y be (48/(-84))/((-2)/7). Suppose 3*m - 1488 = y*i, -5*m - 514 = 3*i - 3013. What are the prime factors of m?
2, 3, 83
Suppose 259*w - 37405668 = -185*w. What are the prime factors of w?
84247
Suppose 5*r + 39*g = 44*g + 144850, -2*r = 2*g - 57916. List the prime factors of r.
2, 13, 557
Let s = 9640 + 3592. List the prime factors of s.
2, 827
Let a(s) = -2*s**2 + 16*s - 30. Let g be a(5). Suppose g = -d - 5*d + 5220. List the prime factors of d.
2, 3, 5, 29
Let y(x) = 2*x**3 - 4*x**2. Let b be y(2). Let g be 1 - (-56 + 1 - b). Suppose 8*z - 4*z - g = 0. List the prime factors of z.
2, 7
Let l(v) = -v**2 + 19*v + 47. Let q be l(21). Suppose -q*m + d = -2125, -3*m + 4*d + 1287 = d. What are the prime factors of m?
2, 53
Let o be (0/(-1))/((5 + 1)/(-6)). Suppose 13*n - 4621 - 3244 = o. List the prime factors of n.
5, 11
Let